e the third derivative of q(s). Give p(5).
-9
Let u(r) = -r - 18. Let j(a) = a**3 + 8*a**2 - 7*a + 32. Let d be j(-9). What is u(d)?
-32
Let a = -46 + 50. Let s be -4*666/a*-1. Let h(j) = 6*j**2 - 8 + s*j**3 + 3*j - 1 - 667*j**3. Give h(6).
9
Let x(d) = -d**2 + 24*d + 21. Let s(f) = 3*f + 13. Let l be s(4). What is x(l)?
-4
Suppose -11*i + 17*i = -5*i + 40*i. Let l(g) = 2*g + 32 - 2*g - g. What is l(i)?
32
Let k(m) = -5*m + 3. Let l be (-35 + 1)*6/((-12)/7). Let w = l + -122. Determine k(w).
18
Let t(u) = 3*u - 1 - 2*u**2 - 4*u + 3*u**2 - 28 + 8. Suppose 0 = -m - 3, 56*w + 3 = 55*w - m. Calculate t(w).
-21
Suppose f - 4*q = -9*q + 6, -5*f + 52 = 3*q. Let y(i) = i**3 - 11*i**2 - 2*i + 16. What is y(f)?
-6
Let w(c) be the third derivative of c**4/12 - c**3/6 - 28*c**2 + 5*c. Let r(u) = -2*u. Let a(b) = -6*r(b) - 2*w(b). Determine a(6).
50
Let d(n) = n**3 - 5*n**2 - 4*n - 1. Let y(j) = 16*j - 4. Let g be y(5). Let a = g + -68. Suppose -7*u + a*u = 6. Give d(u).
11
Let k(u) = -27*u - 1. Suppose 2*g - 290 = -3*g. Let r = -59 + g. Give k(r).
26
Let g(v) = 2*v**2 + 2*v - 2. Let w be g(-2). Suppose -t = 4*h - 9*h + w, -2*h = -2*t + 4. Let j(b) = -3 + 6 - 1 + t*b. Calculate j(-6).
-16
Let q(r) = -r**2 - 9*r - 2. Suppose j + 2 = -127. Let f = -236 - j. Let l = 98 + f. Calculate q(l).
-2
Let s be (4/6)/(10/165). Let y(n) = -14*n**2 - 9*n - n**3 - 16 - 35*n**2 + 83*n**2 - 22*n**2. Determine y(s).
6
Let k(v) = -2*v**2 + 10*v - 8. Suppose -2*c = 5*c. Suppose 9*r - 3*r - 120 = c. Suppose 4*o = 8, -2*a + 2*o = 2*a - r. Calculate k(a).
-20
Let j(s) be the first derivative of -4*s**2 + 59*s - 1908. Calculate j(8).
-5
Let z(h) be the first derivative of -h**3/3 - 19*h**2/2 - 27*h + 1332. What is z(-18)?
-9
Let a(y) = -2*y - 9. Let k be a(-6). Let x be -2 - -6*(-1)/k. Let f be 18/(-27)*(-6)/x. Let s(u) = -7*u**3 + 2*u + 1. Calculate s(f).
6
Let c(y) = y**3 - y**2 + y + 19. Let n be (4/(-9))/((-9)/(-108)*16/(-6)). Let h = -4 + 6. Suppose -h*z - n - 10 = -3*v, -3*z = -4*v + 16. Give c(z).
19
Let n(r) = 2*r + 2. Let x = -40 + 40. Suppose 11*c - 6*c + 25 = x. Determine n(c).
-8
Suppose -244 = -5*k - 234. Let r(l) = -21*l + 1. Give r(k).
-41
Let k(m) = -21*m**2 - 2*m + 1. Let j(n) = n**2 - 263*n - 531. Let x be j(-2). What is k(x)?
-18
Let s(m) be the third derivative of m**6/120 + 7*m**5/60 + m**4/6 - 2*m**3/3 + 19*m**2. Let a be s(-4). Suppose -32*l = -a*l. Let q(f) = -f + 5. Calculate q(l).
5
Let q(n) = 210 + 4*n + 11*n**2 + 5*n - 206 + n**3 + 9*n. Calculate q(-9).
4
Let w(j) = -3*j**3 - 28*j**2 + 10*j + 47. Let v(h) = 2*h**3 + 17*h**2 - 7*h - 32. Let p(l) = 11*v(l) + 7*w(l). Determine p(11).
142
Let a(u) be the first derivative of u**4/12 + 11*u**3/6 - 11*u**2/2 + 174*u + 48. Let j(i) be the first derivative of a(i). Give j(-9).
-29
Let h(z) = -2*z**3 - z**2 + 1. Let x(j) = -32 + 11*j**2 - 3*j + j**3 + 17 - 40*j. Let n be x(-14). Determine h(n).
2
Let m be 15 - (2*1)/2. Let q(u) = -15*u**2 + 30*u + 606. Let j(h) = -7*h**2 + 15*h + 279. Let z(o) = 13*j(o) - 6*q(o). Determine z(m).
5
Let i(q) = q - 11. Let f be i(5). Let t(z) = -z**3 - z**2 + 9*z - 7. Let p be t(-4). Let j(a) = 6*a - 2 - 2*a + p - a. What is j(f)?
-15
Suppose 1164 = 4*n - 4*g, -3*n + 0*n = 4*g - 866. Let y = n - 302. Let b(c) = c**2 + 12*c + 5. Give b(y).
5
Let o(t) be the third derivative of -7*t**4/12 - 5*t**3/6 - 117*t**2 - 10. Give o(1).
-19
Let v(c) = 3*c**3 - 366549*c**2 + 366571*c**2 + 21*c - 13 - 12 - 2*c**3. Give v(-21).
-25
Let p(v) = v + 6. Suppose -10*n + 82 + 148 = 0. Suppose 14*l + 963 = n*l. Let x = l + -112. Determine p(x).
1
Let h(l) = 3*l + 64. Let t(z) = -z**3 - 41*z**2 - 234*z + 117. Let w be t(-34). Give h(w).
7
Suppose o - 8 = -o + 3*s, -3*o = 5*s + 7. Let c be (-17)/2*o + (-132)/(-88). Let w(h) = h**3 + 7*h**2 - 6*h - 8. Calculate w(c).
34
Let j(u) = 3*u - 4. Let a(c) = 2*c - 2. Suppose 0 = 4*l - 20, 3*b = b + 2*l - 4. Let n(x) = b*j(x) - 5*a(x). Let o = 286 + -288. Determine n(o).
0
Let g(l) = 45*l + 1. Let x be g(-3). Let r = x + 139. Let c(z) = 2*z - 4. Calculate c(r).
6
Let z(w) = 13*w**3 + 20*w**2 + 13*w + 55. Let f(k) = -3*k**3 - 5*k**2 - 3*k - 12. Let h(l) = -9*f(l) - 2*z(l). Determine h(-4).
10
Let j(q) be the third derivative of 0 + 12*q**2 + 0*q - 1/6*q**4 + 1/30*q**5 + 1/2*q**3. Suppose 2*i = -0*i + u + 6, 4*u = 4*i - 16. Give j(i).
3
Let g(z) = 78*z**3 - 79*z**3 + 76 + 50251*z**2 - 50277*z**2 + z. Give g(-26).
50
Let m be 240/(-28)*(-1 + -27). Let k(f) = -11*f + m*f**2 + 7*f - 241*f**2 - 4 - 1. Calculate k(-5).
-10
Let c be (-4)/14 + 2/7. Suppose -17*w + 5*a + 29 = -15*w, -5*w + a = -15. Let o(j) = 1 - w*j**2 + c + 2*j + 6 - 4. Determine o(-2).
-9
Let s(n) = n**2 - 4*n - 7. Let g be s(4). Let p(u) be the second derivative of 2*u + 9/2*u**2 - 1/12*u**4 - 2/3*u**3 - 2. What is p(g)?
-12
Suppose y - 3*k = 10, -4*y + 6*k - k = -26. Suppose m + n - 8 = 0, 16 = 4*n + y. Let s be (m/15)/((-3)/(-36)). Let q(j) = -2*j + 2. Calculate q(s).
-6
Let q = 0 + 4. Let o(g) = 4 - 2 + q*g - 5. Let i = 813978 - 813976. Calculate o(i).
5
Suppose -5*y - 84*t = -86*t + 3, 5*y - 4*t + 11 = 0. Let p(j) = 2*j**2 + 0 + 32*j**2 - j + 1 + 2*j**2. Determine p(y).
36
Let a(i) be the first derivative of i**4/4 + i**3/3 - 7*i**2/2 - 5*i + 7855. Suppose 0*s = 4*s + 16. Determine a(s).
-25
Let k(a) = a - 3. Let n(y) = -4*y - 15. Let w be n(12). Let h = w - -68. Suppose r + 13 = -h*x, -13 = 2*r + 2*x - 3. Give k(r).
-6
Let u(p) = 3*p**2 - 2*p - 1. Let q(r) = -21 + 19 + 2*r**2 + 2*r - r. Let y be q(-2). Suppose y*b = -3*t + 13, 0 = 2*t + 4*b - 9 - 1. What is u(t)?
20
Let m(y) = 18*y + 1. Let z(k) = 6*k + 64. Let s(v) = 5*v + 64. Let p(g) = -3*s(g) + 4*z(g). Let b be p(-7). Calculate m(b).
19
Let l(c) = 903*c + 900. Let k be l(-1). Let u(m) = m - 5. Calculate u(k).
-8
Let b(y) be the third derivative of -5*y**4/24 + 29*y**3/6 + 1941*y**2. Determine b(17).
-56
Let n(y) = -2*y**2 - 2*y - 1. Suppose 63 + 51 = 19*v. Let r(j) = 11*j**2 + 14*j + 9. Let b(u) = v*n(u) + r(u). Suppose o - 1 = 3. Give b(o).
-5
Let g = -10161 - -10152. Let p(r) = r**2 + 15*r + 53. Determine p(g).
-1
Let h(l) be the third derivative of -1/10*l**5 + 0*l - 1/120*l**6 + 1/3*l**3 - 6*l**2 + 0 - 1/4*l**4. Let v(n) = n**2 + 12*n + 31. Let a be v(-6). What is h(a)?
7
Let w(c) be the third derivative of 1/24*c**4 + 0*c + 1/2*c**3 + 0 + 103*c**2. What is w(-2)?
1
Let t(o) = o**2 + 24*o - 86. Let y(z) = 2*z**2 + 45*z - 142. Let m(l) = -5*t(l) + 3*y(l). Let q = -34 - -21. Calculate m(q).
-22
Let c be (42/(-9))/(26/(-39)). Let m(p) = -p**3 + 9*p**2 - 17*p + 18. Calculate m(c).
-3
Let t(l) be the third derivative of -l**8/20160 + l**7/1260 + 7*l**6/720 - 11*l**5/12 + 89*l**2. Let q(h) be the third derivative of t(h). What is q(7)?
-14
Let u(c) be the second derivative of 1/6*c**3 + 3/2*c**2 + 70 - 2*c. What is u(5)?
8
Suppose 5*b = 5*t + 5, -5*b = t - 5*t - 6. Suppose -3*p = 3*y + b*p - 42, 4*y + 3*p = 45. Let a(k) = -k**3 + 4*k - y*k**2 - 4*k + 11*k**2 - 2. Give a(2).
-2
Let p(j) = -61*j**2 + 18*j - 51. Let m(t) = 132*t**2 - 35*t + 101. Let s(w) = -6*m(w) - 13*p(w). Determine s(21).
-6
Let p be 2 + 5 + (8 - 630). Let l = -621 - p. Let c(j) = -j**3 - 5*j**2 - 2*j - 4. Calculate c(l).
44
Let z(q) be the first derivative of -2*q**2 + 51*q - 5966. Give z(15).
-9
Let a(i) = 11*i**2 - 6*i + 5. Let v(d) = 5*d**2 - 3*d + 2. Let w(k) = 6*a(k) - 13*v(k). Suppose 8*b = -2*h - 36, -2*b - 2*h = 18 - 12. What is w(b)?
14
Suppose -i = -4*p - 21 - 13, 2*p = i - 20. Let l(n) = -8*n + 63. Calculate l(i).
15
Let u(t) = 4*t**2 - t + 4. Let l(n) = 4*n**2 - n + 3. Let j(s) = -5*l(s) + 4*u(s). Calculate j(-2).
-17
Let c(i) = 3*i**2 - 151*i - 22 - i**3 - 160*i + 318*i + 2*i**2 + 0*i**3. What is c(5)?
13
Let i(m) be the first derivative of -1/3*m**3 + 6*m**2 + 2*m - 99. What is i(12)?
2
Let x(v) = -12*v**2 - 9*v + 52 - 39 + 11*v**2. Let d(h) = 10*h**3 - 2*h**2 + 2. Let o be d(-1). Give x(o).
3
Let u(v) = -v**3 - 9*v**2 - 9*v + 1. Let w = -142 + 149. Suppose 4*s + i = -w - 28, 0 = -4*s + 5*i - 17. Determine u(s).
9
Let b(v) = 0 - 55*v**2 + 11*v + 17*v**2 + 21*v**2 + 66 + 16*v**2. What is b(-5)?
-14
Suppose 4 = -4*w + 2*w. Let d(f) = -4*f - 19. Let j(o) = -5*o - 15. Let s(c) = -d(c) + 2*j(c). What is s(w)?
1
Let t(l) = 4*l**3 - 30*l**2 + 53*l - 12. Let c be t(5). 